 1393?
7, 199
List the prime factors of 3409.
7, 487
List the prime factors of 182599.
182599
List the prime factors of 33253.
11, 3023
What are the prime factors of 18079?
101, 179
List the prime factors of 19771.
17, 1163
List the prime factors of 16394.
2, 7, 1171
List the prime factors of 3291.
3, 1097
What are the prime factors of 2246?
2, 1123
List the prime factors of 2740.
2, 5, 137
List the prime factors of 35366.
2, 17683
What are the prime factors of 2977?
13, 229
List the prime factors of 2459.
2459
List the prime factors of 1265.
5, 11, 23
List the prime factors of 3718.
2, 11, 13
List the prime factors of 384.
2, 3
List the prime factors of 2425.
5, 97
What are the prime factors of 1789?
1789
What are the prime factors of 241?
241
What are the prime factors of 3085?
5, 617
List the prime factors of 11388.
2, 3, 13, 73
List the prime factors of 13045.
5, 2609
What are the prime factors of 18286?
2, 41, 223
What are the prime factors of 2725?
5, 109
What are the prime factors of 17362?
2, 8681
What are the prime factors of 4078?
2, 2039
What are the prime factors of 15296?
2, 239
List the prime factors of 19839.
3, 17, 389
List the prime factors of 1847.
1847
What are the prime factors of 155197?
7, 22171
List the prime factors of 67431.
3, 7, 13, 19
List the prime factors of 5922.
2, 3, 7, 47
List the prime factors of 8577.
3, 953
What are the prime factors of 5248?
2, 41
List the prime factors of 1440.
2, 3, 5
What are the prime factors of 1209?
3, 13, 31
List the prime factors of 2661.
3, 887
List the prime factors of 88576.
2, 173
What are the prime factors of 192?
2, 3
List the prime factors of 108686.
2, 31, 1753
What are the prime factors of 6737?
6737
List the prime factors of 1155.
3, 5, 7, 11
What are the prime factors of 665?
5, 7, 19
List the prime factors of 1770.
2, 3, 5, 59
List the prime factors of 9140.
2, 5, 457
List the prime factors of 7142.
2, 3571
List the prime factors of 114996.
2, 3, 7, 37
What are the prime factors of 1223?
1223
List the prime factors of 10156.
2, 2539
What are the prime factors of 347?
347
List the prime factors of 518.
2, 7, 37
List the prime factors of 1643.
31, 53
What are the prime factors of 3918?
2, 3, 653
What are the prime factors of 142?
2, 71
What are the prime factors of 577?
577
List the prime factors of 6891.
3, 2297
What are the prime factors of 1999?
1999
What are the prime factors of 1312?
2, 41
List the prime factors of 61558.
2, 7, 4397
List the prime factors of 143456.
2, 4483
List the prime factors of 11134.
2, 19, 293
What are the prime factors of 134171?
134171
What are the prime factors of 25785?
3, 5, 191
What are the prime factors of 5465?
5, 1093
What are the prime factors of 7845?
3, 5, 523
List the prime factors of 1501.
19, 79
What are the prime factors of 1895?
5, 379
List the prime factors of 16654.
2, 11, 757
What are the prime factors of 6170?
2, 5, 617
List the prime factors of 2165.
5, 433
What are the prime factors of 26914?
2, 13457
List the prime factors of 942.
2, 3, 157
List the prime factors of 9204.
2, 3, 13, 59
What are the prime factors of 52359?
3, 31, 563
What are the prime factors of 3686?
2, 19, 97
What are the prime factors of 31371?
3, 10457
List the prime factors of 39531.
3, 13177
List the prime factors of 1659.
3, 7, 79
List the prime factors of 98540.
2, 5, 13, 379
List the prime factors of 837.
3, 31
List the prime factors of 468.
2, 3, 13
What are the prime factors of 16425?
3, 5, 73
List the prime factors of 28559.
28559
What are the prime factors of 2290?
2, 5, 229
What are the prime factors of 13047?
3, 4349
List the prime factors of 61348.
2, 7, 313
List the prime factors of 78.
2, 3, 13
List the prime factors of 151.
151
What are the prime factors of 57?
3, 19
What are the prime factors of 1293?
3, 431
What are the prime factors of 2206?
2, 1103
What are the prime factors of 4152?
2, 3, 173
List the prime factors of 22196.
2, 31, 179
What are the prime factors of 788?
2, 197
List the prime factors of 1348.
2, 337
What are the prime factors of 470?
2, 5, 47
What are the prime factors of 1249?
1249
What are the prime factors of 1417?
13, 109
What are the prime factors of 1013?
1013
List the prime factors of 9770.
2, 5, 977
What are the prime factors of 5070?
2, 3, 5, 13
What are the prime factors of 5787?
3, 643
What are the prime factors of 14472?
2, 3, 67
List the prime factors of 202.
2, 101
What are the prime factors of 100?
2, 5
What are the prime factors of 11676?
2, 3, 7, 139
List the prime factors of 1277.
1277
What are the prime factors of 1002?
2, 3, 167
What are the prime factors of 1110?
2, 3, 5, 37
What are the prime factors of 1872?
2, 3, 13
What are the prime factors of 72444?
2, 3, 6037
What are the prime factors of 939?
3, 313
List the prime factors of 6456.
2, 3, 269
List the prime factors of 2805.
3, 5, 11, 17
List the prime factors of 5406.
2, 3, 17, 53
What are the prime factors of 1159?
19, 61
List the prime factors of 129808.
2, 7, 19, 61
What are the prime factors of 1283?
1283
What are the prime factors of 81802?
2, 7, 5843
What are the prime factors of 4758?
2, 3, 13, 61
List the prime factors of 12158.
2, 6079
List the prime factors of 8720.
2, 5, 109
List the prime factors of 161082.
2, 3, 19, 157
What are the prime factors of 39668?
2, 47, 211
What are the prime factors of 704?
2, 11
What are the prime factors of 24614?
2, 31, 397
List the prime factors of 2183.
37, 59
List the prime factors of 58948.
2, 14737
List the prime factors of 6700.
2, 5, 67
What are the prime factors of 2487?
3, 829
What are the prime factors of 2691?
3, 13, 23
What are the prime factors of 7244?
2, 1811
What are the prime factors of 37486?
2, 18743
What are the prime factors of 75173?
7, 10739
List the prime factors of 82055.
5, 16411
What are the prime factors of 1701?
3, 7
List the prime factors of 93.
3, 31
List the prime factors of 462.
2, 3, 7, 11
What are the prime factors of 7723?
7723
List the prime factors of 708.
2, 3, 59
What are the prime factors of 546?
2, 3, 7, 13
What are the prime factors of 37086?
2, 3, 7, 883
List the prime factors of 4832.
2, 151
What are the prime factors of 5075?
5, 7, 29
List the prime factors of 14416.
2, 17, 53
List the prime factors of 23491.
13, 139
List the prime factors of 1863.
3, 23
List the prime factors of 82382.
2, 17, 2423
List the prime factors of 6914.
2, 3457
List the prime factors of 1954.
2, 977
List the prime factors of 19768.
2, 7, 353
What are the prime factors of 5277?
3, 1759
What are the prime factors of 502?
2, 251
What are the prime factors of 7520?
2, 5, 47
List the prime factors of 42182.
2, 7, 23, 131
What are the prime factors of 2267?
2267
What are the prime factors of 60260?
2, 5, 23, 131
What are the prime factors of 23807?
7, 19, 179
What are the prime factors of 4034?
2, 2017
What are the prime factors of 386?
2, 193
What are the prime factors of 4665?
3, 5, 311
List the prime factors of 37731.
3, 12577
List the prime factors of 6903.
3, 13, 59
List the prime factors of 32724.
2, 3, 101
List the prime factors of 26424.
2, 3, 367
List the prime factors of 15745.
5, 47, 67
List the prime factors of 5166.
2, 3, 7, 41
What are the prime factors of 15977?
13, 1229
List the prime factors of 62495.
5, 29, 431
What are the prime factors of 3954?
2, 3, 659
What are the prime factors of 18129?
3, 6043
What are the prime factors of 2525?
5, 101
List the prime factors of 1630.
2, 5, 163
What are the prime factors of 1530?
2, 3, 5, 17
What are the prime factors of 37899?
3, 4211
What are the prime factors of 1230?
2, 3, 5, 41
What are the prime factors of 5572?
2, 7, 199
What are the prime factors of 1762?
2, 881
List the prime factors of 66184.
2, 8273
List the prime factors of 31459.
163, 193
List the prime factors of 4270.
2, 5, 7, 61
List the prime factors of 169.
13
What are the prime factors of 25661?
67, 383
What are the prime factors of 12791?
12791
List the prime factors of 11926.
2, 67, 89
List the prime factors of 41863.
41863
List the prime factors of 3926.
2, 13, 151
List the prime factors of 92682.
2, 3, 19, 271
What are the prime factors of 28477?
28477
What are the prime factors of 8951?
8951
What are the prime factors of 92953?
7, 271
List the 